 + 0. Let a be q(3). Let t(m) = 2*m + 1. Give t(a).
-1
Let j(q) = q + 18. Let i(f) = -3*f - 52. Let d(x) = 4*i(x) + 11*j(x). What is d(-5)?
-5
Let m(u) = 0*u + 21 - u**2 - 24*u + 18*u. Calculate m(-9).
-6
Suppose 68*o - 14 = -150. Let x(n) = -n**3 - 4*n - 3*n**2 - n**3 - 4 + 1. Give x(o).
9
Let v(f) = f**2 + 5*f + 12. Let m be v(-9). Let c be 16/m - (-1)/(-3). Let x(b) = -b + 3 + 7 - 4. What is x(c)?
6
Let q(p) = 2*p**3 + 2*p**2 - 8*p + 3. Suppose -7*a - 25 = -12*a. Let l(k) = 2*k**3 + 2*k**2 - 9*k + 3. Let j(t) = a*l(t) - 6*q(t). Determine j(2).
-21
Let g(t) = -t**3 + 6*t**2 + 9*t - 7. Let h be (-2 - (-3 - -1))/(1 + 0). Suppose h = -7*n + 3*n + 28. Determine g(n).
7
Suppose -5*m + 6 = -t - 14, -5*t = -5*m. Suppose -5*c + 20 = 0, 5*c = m*k - 3 + 33. Let x(a) = -a**3 - 3*a**2 - 3*a - 2. Determine x(k).
0
Let n = -10 - -12. Let f(u) = 2*u**2 - 11*u + 12*u - 3*u**n. Determine f(-1).
-2
Let l(o) = -23*o. Let x(v) = v**3 - 3*v**2 + 3*v - 2. Let m be x(1). Give l(m).
23
Let n be -1 + 0 + 1 + 1. Suppose -175 = -27*c - 40. Let t(l) = -8*l + 3*l - n + 3*l + c*l - 2*l**2. Calculate t(2).
-3
Let j(z) be the second derivative of z**5/10 + z**4/6 - 2*z**3/3 - 3*z**2/2 + 65*z. Calculate j(-3).
-27
Let p(i) = i**2 + 2*i**2 + 4 - 3 + 2*i. Suppose 8 = -5*h + 23. Suppose -n = -2*n + h, 0 = 3*f + 2*n - 3. Give p(f).
2
Suppose -3*k + 19 - 7 = 0. Let m(d) = 4*d + 4 - 5 + d**2 - k. What is m(-4)?
-5
Let d(y) be the second derivative of -y**4/4 - y**3/3 + 3*y**2/2 - 2*y + 19. Calculate d(3).
-30
Let h(v) = v - 2*v - 3 + 4 + 0 + 3. Calculate h(3).
1
Let b(s) = 5*s - 6. Let c(o) = -o**3 - 11*o**2 - 28*o + 16. Let m be c(-6). Calculate b(m).
14
Let u(x) = -x**2 + 553*x + 4 + 2 - 571*x - 10. Determine u(-17).
13
Let b = 238 + -242. Let a(s) = -s**3 - 4*s**2 - 2*s + 2. Calculate a(b).
10
Let y(a) = 3*a + 1. Let f(j) = -j**2 - 16*j - 4. Let d(c) = f(c) + 6*y(c). Let h(p) = -p**3 + 4*p**2 - 3*p + 4. Let g be h(3). Calculate d(g).
-6
Let l(a) = a - 7. Let q(k) = 4*k + 2. Let x be q(8). Let y = x - 27. Let z be l(y). Let d(f) = f + 1. Determine d(z).
1
Let i be ((-4)/2)/(29/58). Let y(k) = -k**3 - 5*k**2 - 5*k - 2. Give y(i).
2
Let n(a) = 1 + 0*a + a**2 + 2*a - a**3 + 0. Suppose 12 = 3*x, -93 = -2*t + x + 31. Let k be -5 + t/(-40)*(-5)/2. What is n(k)?
1
Let i = -11 + 10. Let m be (0 - (3 + i)) + 5. Let r(c) = -2 - c**m - 6*c - 2*c**3 + 2*c**3 + 7*c**2 - 1. What is r(6)?
-3
Let p be -2 + (-2)/(-4)*4. Let w(j) = j + 6. Let f be w(p). Let x(a) = 7 - 17 + 2*a**2 + 7*a + 5 - 3*a**2. Give x(f).
1
Let o(r) be the second derivative of -9*r**5/5 + r**3/6 - 2*r - 6. Give o(-1).
35
Let m = 236 + -232. Let l(x) = -3*x**2 + 2*x - 2. Determine l(m).
-42
Let y(z) = z**2 + 1. Let t(u) = 5*u**2 + 7*u + 8. Let v(r) = t(r) - 4*y(r). Suppose -2*o = -3*o - 3*m + 3, -3*o = 4*m + 6. Determine v(o).
-2
Let x be ((-1)/(-2))/((-10)/(-540)). Suppose 3*t + x = 3. Let z = 10 + t. Let o(r) = 7*r + 1. Calculate o(z).
15
Let z(v) = 4*v**2 + 2*v**2 - 1 - 8*v**3 + 7*v**3 - 4*v - v. Calculate z(5).
-1
Let h(a) = 7*a**2 - 2*a. Let n be h(2). Suppose 4*w - 5 = -w, -w = -5*g + n. Let v(z) = -z + 6. What is v(g)?
1
Let h(s) = -14*s + 184. Let g be h(13). Let o(v) = -3*v**2 + v + 3. Determine o(g).
-7
Suppose 5*d + 9 = 4*d - 3*u, u - 5 = -3*d. Suppose 4*k - 3*l = -1, 2*k + 1 = 2*l + d. Let s(n) = n**3 + 5*n**2 + 3*n + 1. Give s(k).
5
Let t(l) = -5*l + 43. Let p be t(10). Let k(d) = 7 - 4 - d**2 - 3 - 6*d - 3. What is k(p)?
-10
Let x(l) = l**2 + 5*l. Let z = -20 + 28. Suppose 36 = -i - z*i. Give x(i).
-4
Let c(h) = 2*h**2 + 3*h - 16. Let u(z) = -z**2 - 2*z + 8. Let k(j) = 3*c(j) + 7*u(j). Suppose 3 = -3*f + 15. Let y(a) = -2*a + 1. Let b be y(f). What is k(b)?
-6
Let d(j) = 15*j - 19. Let a(c) = 22*c - 27. Let k(i) = -5*a(i) + 7*d(i). Suppose 0*y + y = -1, 0 = m + 2*y. Determine k(m).
-8
Let q(b) be the second derivative of -2*b**2 - 14*b + 1/6*b**3 + 0. Let d be (-9)/(-27) + (-16)/3. Determine q(d).
-9
Let g(p) = p**3 + 2*p**2 + 22. Let s be (5/(-45)*0)/(2 + -1). Determine g(s).
22
Let m(h) = 6*h + 7. Let o be m(-2). Let x(b) = 2*b + 9. Calculate x(o).
-1
Let f(y) = y**3 - 3*y**2 - 3*y + 3. Let u be (0 + -2 - -2) + -6. Let o be 86/(-18) + u/27. Let j = 7 + o. What is f(j)?
-7
Let s(f) be the second derivative of -f**7/2520 - 11*f**4/12 - 11*f. Let m(z) be the third derivative of s(z). Give m(0).
0
Let s be -3 + 1 + 3 + -3. Let x(g) = 3*g + g**3 + 19*g**2 - 47*g**2 + 15*g**2 + 19*g**2. Give x(s).
10
Let c be 4/(-1) + 3 + 7. Let t(x) = c + x + x - 4 - 3*x. Calculate t(0).
2
Let o be 1 + 3/5 + (-88)/(-220). Let g(i) = -3*i - 5*i + 0*i. Give g(o).
-16
Let c(p) be the first derivative of -2*p**2 + 105*p - 619. Calculate c(26).
1
Let h(n) be the second derivative of n**4/12 + 7*n**3/6 - 3*n**2 - 56*n + 4. Let y(o) = o - 12. Let r be y(5). Give h(r).
-6
Let n(m) be the second derivative of m**4/12 - m**3 + 2*m**2 - 7*m. Let k = 3 - -3. Let p be 4/k - (-32)/6. Determine n(p).
4
Let c(b) be the third derivative of b**6/120 - 3*b**5/20 - b**4/3 - b**3/3 - 10*b**2 - 1. What is c(10)?
18
Suppose 12 = -2*j + 2. Let p = j - -2. Let d(n) = -n - 1. Calculate d(p).
2
Let y(i) = -4*i - 36. Let b be y(-11). Suppose 51*r = 43*r + b. Let d(n) = -15*n**3 + n**2 - 2*n + 1. Give d(r).
-15
Let t(s) be the first derivative of s**7/840 - s**6/180 - s**5/40 - s**4/24 + 23*s**3/3 + 10. Let p(n) be the third derivative of t(n). Calculate p(3).
-1
Suppose 2*b - 2*p = -0*p - 20, b = -p. Let r(q) = -2*q - 3. Determine r(b).
7
Let i(q) = -3*q + 17. Let m(l) = -4*l + 18. Let h(u) = 5*i(u) - 4*m(u). Let c = -416 - -408. Calculate h(c).
5
Let g(k) = -2*k**3 - 12*k**2 - 13*k - 7. Let n be g(-5). Let d(s) = -s**2 + 9*s - 2. Give d(n).
6
Suppose 2*f + 2 = 5*l, -2*f + 2*l - 4 + 2 = 0. Let v(u) = 6*u**2 + 2*u + 1. Give v(f).
5
Suppose -15 - 10 = -q + 5*v, -q - 4*v = 2. Let o be ((-2)/q)/((-17)/85). Let l(n) = n**2 - 2 + 6 + 4*n + o - 7*n. Give l(4).
9
Let f(s) = 116 + 2*s**3 - 6*s**2 - 17 + 3*s + 2*s**2 - 98 - s. Let i = -7 - -11. Suppose h - i = -h. Calculate f(h).
5
Let v be (-7 - (4 - 3))*(-6)/24. Let u(a) be the first derivative of -2*a + a**3 - 1/2*a**v + 1/4*a**4 + 5. Calculate u(-3).
1
Let k(b) = b**2 + 7*b + 2. Suppose -2*l + 36 = -10. Suppose -l = 4*m + 1. What is k(m)?
-4
Let w(v) = -3*v + 12. Let j be w(5). Let d(h) = -h**2 - 4*h - 4. Determine d(j).
-1
Let g(h) = h**3 + 5*h**2 - 4*h + 2. Let r(z) = -3*z**3 - 16*z**2 + 11*z - 6. Let w(k) = -11*g(k) - 4*r(k). Let t be ((-9)/6)/((-11)/(-66)). Calculate w(t).
2
Let k(v) = -v**3 - 6*v**2 - 8*v - 9. Let o(a) = 18*a + 804. Let p be o(-45). What is k(p)?
39
Let t(n) = 9*n + 29. Let j(w) = 14*w + 44. Suppose -5*z + 15 = 0, 0*q = -4*q + z - 35. Let v(a) = q*t(a) + 5*j(a). Determine v(-8).
4
Suppose 0 = -4*h - 2*a - 26, h + 3*a + 20 = -2*a. Let x(q) = q**3 + 6*q**2 + 6*q - 1. Give x(h).
-6
Let a(v) = 2*v - 19. Let k be a(6). Let y(f) = f**3 + 7*f**2 + f + 5. Give y(k).
-2
Let d(f) = f**3 + 4*f**2 - 7*f - 5. Suppose 0*j + 5*j + 45 = -m, m = j + 15. Let b be j*(-2)/4 + -2. Suppose b*s = -g - 2, -4*g - 27 = g - 2*s. Give d(g).
5
Suppose 6*h - 3*h + 2*t + 4 = 0, 0 = -4*t - 20. Let w(j) = -j**2 + 3*j + 1. Let r be w(h). Let i(q) = 2*q - 4*q + 1 + 3. What is i(r)?
-2
Let b(j) = j + 1. Suppose -i = 2*u - 84, 2*u = 7*u - i - 196. Suppose 11*z = z - u. What is b(z)?
-3
Let b(y) = 4*y**3 + 11*y**2 - 11*y - 10. Let d(k) = 3*k**3 + 11*k**2 - 11*k - 8. Let t(q) = -2*b(q) + 3*d(q). Determine t(-12).
-16
Let q(z) = 6 - 11*z + 176*z**3 + 170*z**3 - 347*z**3 + 13*z**2. Determine q(12).
18
Let v(p) = 0*p + 4*p - 1 - p**2 + 6. Suppose 0 = 23*a + 158 - 296. What is v(a)?
-7
Let z be (-4)/(-10) - (-3)/5. Suppose 4*r + 7 = -5*f, 3*f = -z - 8. Let q(j) = 3*j**r - j**3 - 2*j - 2*j**2 - 8 + 5 - 4*j**2. Determine q(-2).
-3
Let j(b) = b**3 - 7*b**2 + 6*b + 3. Let z be j(6). Let o(t) be the second derivative of -t**3/6 + t**2 + 111*t. Determine o(z).
-1
Let d(c) = -2*c**2 - 3*c + 1. Suppose -23 + 31 = -k - 5*f, -7 = 2*k + f. Determine d(k).
-8
Let u(i) = 2*i - 1. Let m = 19 + -6. Let v = -14 + m. Determine u(v).
-3
Let k be (85/10 + -5)/((-3)/(-6)). Let r(y) = -2*y**3 + 14*y**2 + 6. Calculate r(k).
6
Let z(g) = 3*g**2 - g - 2*g**2 - g. Let b(h) = 6*h + h - 6*h. Let l be b(3). Give z(l).
3
Let p(o) = 44*o**2 + 2*o - 1. Let n(y